{"id":14,"date":"2016-09-02T06:58:29","date_gmt":"2016-09-02T06:58:29","guid":{"rendered":"http:\/\/www.akinisisogutma.com\/yeni\/?page_id=14"},"modified":"2016-09-02T07:44:58","modified_gmt":"2016-09-02T07:44:58","slug":"iletisim-bilgileri","status":"publish","type":"page","link":"https:\/\/www.akinisisogutma.com\/?page_id=14","title":{"rendered":"\u0130leti\u015fim"},"content":{"rendered":"<div class=\"contact-address\">\n<address><span class=\"contact-street\"> K\u00fc\u00e7\u00fck Mustafa Mah. Sokullu Cad. No:15 Melikgazi KAYSER\u0130<br \/>\n(Ayd\u0131nl\u0131k Evler Postanesi Kar\u015f\u0131s\u0131) <\/span> <span class=\"contact-suburb\"> Melikgazi <\/span> <span class=\"contact-state\"> KAYSER\u0130 <\/span><\/address>\n<\/div>\n<div class=\"contact-contactinfo\">\n<p><span class=\"contact-mobile\">0352 336 38 52\u00a0\u00a0\u00a0\u00a0\u00a0\u00a0 0541 834 31 14<br \/>\ninfo@akinisisogutma.com<br \/>\n<\/span><\/p>\n<p><span class=\"contact-webpage\"> <a href=\"https:\/\/www.akinisisogutma.com\" target=\"_blank\"> https:\/\/www.akinisisogutma.com<\/a> <\/span><\/p>\n<\/div>\n<p><script><\/script><br \/>\n<script><\/script><\/p>\n","protected":false},"excerpt":{"rendered":"<p>K\u00fc\u00e7\u00fck Mustafa Mah. Sokullu Cad. No:15 Melikgazi KAYSER\u0130 (Ayd\u0131nl\u0131k Evler Postanesi Kar\u015f\u0131s\u0131) Melikgazi KAYSER\u0130 0352 336 38 52\u00a0\u00a0\u00a0\u00a0\u00a0\u00a0 0541 834 31 14 info@akinisisogutma.com https:\/\/www.akinisisogutma.com<\/p>\n","protected":false},"author":1,"featured_media":0,"parent":0,"menu_order":0,"comment_status":"closed","ping_status":"closed","template":"","meta":{"footnotes":""},"class_list":["post-14","page","type-page","status-publish","hentry","post"],"_links":{"self":[{"href":"https:\/\/www.akinisisogutma.com\/index.php?rest_route=\/wp\/v2\/pages\/14","targetHints":{"allow":["GET"]}}],"collection":[{"href":"https:\/\/www.akinisisogutma.com\/index.php?rest_route=\/wp\/v2\/pages"}],"about":[{"href":"https:\/\/www.akinisisogutma.com\/index.php?rest_route=\/wp\/v2\/types\/page"}],"author":[{"embeddable":true,"href":"https:\/\/www.akinisisogutma.com\/index.php?rest_route=\/wp\/v2\/users\/1"}],"replies":[{"embeddable":true,"href":"https:\/\/www.akinisisogutma.com\/index.php?rest_route=%2Fwp%2Fv2%2Fcomments&post=14"}],"version-history":[{"count":1,"href":"https:\/\/www.akinisisogutma.com\/index.php?rest_route=\/wp\/v2\/pages\/14\/revisions"}],"predecessor-version":[{"id":15,"href":"https:\/\/www.akinisisogutma.com\/index.php?rest_route=\/wp\/v2\/pages\/14\/revisions\/15"}],"wp:attachment":[{"href":"https:\/\/www.akinisisogutma.com\/index.php?rest_route=%2Fwp%2Fv2%2Fmedia&parent=14"}],"curies":[{"name":"wp","href":"https:\/\/api.w.org\/{rel}","templated":true}]}}